{"id":273,"date":"2018-06-15T08:48:00","date_gmt":"2018-06-15T08:48:00","guid":{"rendered":"http:\/\/www.jkpg-motor.se\/?page_id=273"},"modified":"2020-10-25T07:17:27","modified_gmt":"2020-10-25T07:17:27","slug":"villkor","status":"publish","type":"page","link":"https:\/\/www.jkpg-motor.se\/?page_id=273","title":{"rendered":"Villkor"},"content":{"rendered":"<p><strong>Allm\u00e4nna F\u00f6rs\u00e4ljningsvillkor MORE 2020-01-01<\/strong><br \/>\n1 F\u00f6rs\u00e4ljnings -\/ Leveransvillkor g\u00e4ller om inte det mellan s\u00e4ljare och k\u00f6pare<br \/>\navtalats annat i skriftligt avtal. K\u00f6parens villkor i k\u00f6plagen g\u00e4ller inte med mindre<br \/>\n\u00e4n att S\u00e4ljaren skriftligt accepterar detta.<\/p>\n<p><strong>2 Priser \/ Offerter<\/strong><br \/>\n2.1 Om inget annat avtalas kommer S\u00e4ljaren att debitera K\u00f6paren enligt s\u00e4ljarens<br \/>\ng\u00e4llande prislista.<br \/>\n2.2 Alla priser \u00e4r exklusive merv\u00e4rdesskatt.<\/p>\n<p><strong>3 Leveranser<\/strong><br \/>\n3.1 Leverans av varan sker alltid fr\u00e5n lager i S\u00e4ljarens hemstad.<\/p>\n<p><strong>4 F\u00f6rseningar<\/strong><br \/>\n4.1 S\u00e4ljaren kan inte h\u00e5llas ansvarig till f\u00f6rseningar.<br \/>\n4.2 S\u00e4ljaren kan inte under n\u00e5gra omst\u00e4ndigheter h\u00e5llas ansvarig f\u00f6r<br \/>\nekonomiska f\u00f6rluster g\u00e4llande driftsf\u00f6rluster, inkomstf\u00f6rluster eller f\u00f6rlust till<br \/>\ntredje man.<\/p>\n<p><strong>5 Betalningar<\/strong><br \/>\n5.1 Betalning ska ske i \u00f6verenskommelse med de p\u00e5 Offert \/ Faktura angivna<br \/>\nvillkor.<br \/>\n5.2 Erl\u00e4gger K\u00f6paren inte betalning i r\u00e4tt tid enligt \u00f6verenskomna villkor \u00e4ger<br \/>\nS\u00e4ljaren r\u00e4tt att fr\u00e5n f\u00f6rfallodagen vidta de \u00e5tg\u00e4rder som beh\u00f6vs f\u00f6r att<br \/>\ninkassera beloppet.<\/p>\n<p><strong>6 \u00c4garf\u00f6rbeh\u00e5ll<\/strong><br \/>\n6.1 Varorna f\u00f6rblir S\u00e4ljarens egendom intill full betalning av samtliga belopp<br \/>\nr\u00f6rande leveransen \u00e4r betalda fullt ut.<\/p>\n<p><strong>7 Ansvarsfrihet<\/strong><br \/>\n7.1 All r\u00e5dgivning fr\u00e5n S\u00e4ljarens sida \u00e4r uteslutande av v\u00e4gledande art och<br \/>\nkan s\u00e5ledes inte p\u00e5f\u00f6ras S\u00e4ljarens r\u00e5dgivaransvar.<br \/>\n7.2 Om ink\u00f6pt vara ska monteras av K\u00f6paren i dennes eller tredje mans produkt<br \/>\noch det visar sig att varan inte fungera tillfredsst\u00e4llande i dessa produkter, b\u00e4r<br \/>\nk\u00f6paren sj\u00e4lv ansvaret.<\/p>\n<p><strong>8 Returer<\/strong><br \/>\n8.1 Returnering av varor kan endast g\u00f6ras om det avtalats intill 10-dagar r\u00e4knat fr\u00e5n<br \/>\nfakturadatum och med betald frakt i obruten originalf\u00f6rpackning, i helt och<br \/>\noskadat skick. Returnerad vara skickas till S\u00e4ljarens adress med angivet<br \/>\nfakturanummer, returnummer samt upplysning om med vem p\u00e5 S\u00e4ljarens<br \/>\nf\u00f6retag returen \u00f6verenskommits. Det kommer att ber\u00e4knas en returavgift om<br \/>\n20% av varans v\u00e4rde.<br \/>\n8.2 Speciellt hembest\u00e4llda varor eller el-komponenter samt specialtillverkade<br \/>\nvaror tages inte i retur.<\/p>\n<p><strong>9 Ansvar f\u00f6r fel i varan<\/strong><br \/>\n9.1 K\u00f6paren skall kontrollera och unders\u00f6ka varan omedelbart efter leverans.<br \/>\nEventuella fel skall omedelbart och senast innan 8 dagar efter leverans<br \/>\nmeddela S\u00e4ljaren. Om det r\u00f6r sig om en fellevererad vara ska detta p\u00e5talas<br \/>\ninom 14-dagar.<br \/>\n9.2 Om det visar sig att leveransen av varan \u00e4r felaktig p\u00e5tar sig S\u00e4ljaren r\u00e4tten<br \/>\natt enligt eget val:<br \/>\n&#8211; Byta ut den felaktiga varan<br \/>\n&#8211; Eller kreditera k\u00f6pet f\u00f6r den felaktiga varan<br \/>\n&#8211; Eller utreda felet.<br \/>\n9.3 Vid reparation och utbyte skall k\u00f6paren returnera den felaktiga varan.<br \/>\nReturnering och leverans av ny vara, sker f\u00f6r k\u00f6parens r\u00e4kning och risk.<br \/>\n9.4 Ut\u00f6ver ovanst\u00e5ende kan k\u00f6paren inte resa krav av n\u00e5gon art mot S\u00e4ljaren<br \/>\n9.5 Om S\u00e4ljaren efter mottagen reklamation kan konstatera att det inte f\u00f6religger<br \/>\nn\u00e5gon felaktighet f\u00f6r vilken S\u00e4ljaren har n\u00e5gon skyldighet att r\u00e4tta till,<br \/>\ns\u00e5 f\u00f6rbeh\u00e5ller sig S\u00e4ljaren r\u00e4tten till ers\u00e4ttning f\u00f6r nerlagd tid f\u00f6r utredning<br \/>\nav reklamationen.<br \/>\n9.6 S\u00e4ljaren \u00e5tar sig inte ansvar f\u00f6r fel som uppst\u00e5tt p.g.a. felaktig sk\u00f6tsel,<br \/>\nmontering eller missbruk av varan samt om varan anv\u00e4nts f\u00f6r racingbruk.<br \/>\nS\u00e4ljarens skyldighet omfattar endast fel som eventuellt visar sig uppst\u00e5 under<br \/>\nnormala f\u00f6rh\u00e5llande som varan \u00e4r avsedd f\u00f6r.<br \/>\n9.7 S\u00e4ljaren fr\u00e5nskriver sig allt ansvar f\u00f6r andra ekonomiska konsekvenser som<br \/>\nkan uppst\u00e5 av eventuella fel, s\u00e5 som driftsstopp, tidsf\u00f6rlust och f\u00f6rtj\u00e4nster som<br \/>\nkan uppst\u00e5 i arbetet.<br \/>\n9.8 Alla nya delar omfattas av 1 \u00e5rs garanti mot fabrikationsfel.<br \/>\nRenoverade och bytesdetaljer omfattas av garanti i 6 m\u00e5n, eller 500<br \/>\ndriftstimmar, (det som f\u00f6rst infaller )<\/p>\n<p><strong>10 PRODUKTANSVAR<\/strong><br \/>\n10.1 Bortsett fr\u00e5n tillf\u00e4lle, n\u00e4r skada och ansvar omfattas av ofrivilliga<br \/>\nbest\u00e4mmelser i g\u00e4llande lag om produktansvar, s\u00e5 g\u00e4ller f\u00f6ljande f\u00f6r<br \/>\nS\u00e4ljarens ansvar g\u00e4llande skada p\u00e5 den levererade varan eller utf\u00f6rt<br \/>\nservicearbete.<br \/>\n10.2 S\u00e4ljaren kan inte h\u00e5llas ansvarig f\u00f6r p\u00e5 fast egendom eller l\u00f6s\u00f6re som<br \/>\nintr\u00e4ffar, medan den levererade varan \u00e4r i k\u00f6parens \u00e4gor. Ej heller h\u00e5llas<br \/>\nansvarig f\u00f6r skada p\u00e5 produkter, eller p\u00e5 produkter d\u00e4r i dessa ing\u00e5r.<br \/>\n10.3 S\u00e4ljaren kan inte h\u00e5llas ansvarig f\u00f6r ekonomiska f\u00f6rluster s\u00e5 som<br \/>\ndriftsstoppsf\u00f6rlust, tidsf\u00f6rlust eller f\u00f6rlust av arbetsf\u00f6rtj\u00e4nst.<br \/>\n10.4 I den utstr\u00e4ckning S\u00e4ljaren blir \u00e5lagd produktansvar fr\u00e5n tredje man \u00e4r K\u00f6paren<br \/>\nf\u00f6rpliktigad till, att h\u00e5lla S\u00e4ljaren skadel\u00f6s i samma omf\u00e5ng som S\u00e4ljarens<br \/>\nansvar \u00e4r begr\u00e4nsat i de tre ovanst\u00e5ende punkterna.<br \/>\n10.5 Om tredje man framst\u00e4ller krav mot en av parterna ang\u00e5ende ers\u00e4ttningsansvar<br \/>\nskall denna part omg\u00e5ende underr\u00e4tta den andra h\u00e4rom.<br \/>\n10.6 K\u00f6paren \u00e4r f\u00f6rpliktigad till, att l\u00e5ta sig ans\u00f6ka den domstol eller instans som<br \/>\nbehandlar ers\u00e4ttningsanspr\u00e5k som \u00e4r rest mot s\u00e4ljaren enligt grundlag av en<br \/>\nskada som p\u00e5st\u00e5s f\u00f6rorsakats av den av s\u00e4ljaren levererad varan eller utf\u00f6rt<br \/>\nservicearbete.<\/p>\n<p><strong>11 FORCE MAJEURE<\/strong><br \/>\n11.1 Part \u00e4r ej ansvarig f\u00f6r \u00e5tg\u00e4rd eller skada som beror av lagbud, myndighets\u00e5tg\u00e4rd,<br \/>\nkrigsh\u00e4ndelse, sabotage, brist eller dr\u00f6jsm\u00e5l i energif\u00f6rs\u00f6rjning,<br \/>\ntelefonf\u00f6rbindelse, eller annan kommunikation och transport, strejk, lockout,<br \/>\nbojkott, blockad, brand eller annan liknande omst\u00e4ndighet. I fr\u00e5ga om strejk,<br \/>\nbojkott, och blockad g\u00e4ller detta s\u00e5v\u00e4l d\u00e5 part eller underleverant\u00f6r sj\u00e4lv vidtar<br \/>\nkonflikt\u00e5tg\u00e4rd som d\u00e5 part eller underleverant\u00f6r \u00e4r f\u00f6rem\u00e5l f\u00f6r s\u00e5dan.<br \/>\n11.2.1 Part som vill \u00e5beropa omst\u00e4ndighet som nu sagts skall skriftligen underr\u00e4tta<br \/>\nMotparten om uppkomsten h\u00e4rav liksom om dess upph\u00f6rande.<\/p>\n<p><strong>12 ANSVARSFRISKRIVELSE<\/strong><br \/>\n12.1 Ovanst\u00e5ende punkter inneh\u00e5ller best\u00e4mmelser, efter vilket s\u00e4ljaren friskriver sig<br \/>\nett ansvar. K\u00f6paren b\u00f6r sj\u00e4lv teckna en f\u00f6rs\u00e4kring i den omfattning som han<br \/>\n\u00f6nskar, f\u00f6r att s\u00e4kra sig i mot f\u00f6rluster, eller m\u00e5ste k\u00f6paren ber\u00e4kna s\u00e5dana<br \/>\nrisker i sin kalkyl till sin f\u00f6rtj\u00e4nst .<\/p>\n<p><strong>13 Tvist i Domstol<\/strong><br \/>\n13.1Tvist r\u00f6rande dessa allm\u00e4nna villkor eller reklamation skall avg\u00f6ras av<br \/>\nskiljem\u00e4n i enlighet med vid varje tid g\u00e4llande svensk lag om skiljem\u00e4n.<br \/>\nOvanst\u00e5ende tvist ska avg\u00f6ras i S\u00e4ljarens hemstad.<\/p>\n","protected":false},"excerpt":{"rendered":"<p>Allm\u00e4nna F\u00f6rs\u00e4ljningsvillkor MORE 2020-01-01 1 F\u00f6rs\u00e4ljnings -\/ Leveransvillkor g\u00e4ller om inte det mellan s\u00e4ljare och k\u00f6pare avtalats annat i skriftligt avtal. K\u00f6parens villkor i k\u00f6plagen g\u00e4ller inte med mindre \u00e4n att S\u00e4ljaren skriftligt accepterar detta. 2 Priser \/ Offerter 2.1 Om inget annat avtalas kommer S\u00e4ljaren att debitera K\u00f6paren enligt s\u00e4ljarens g\u00e4llande prislista. 2.2 Alla [&hellip;]<\/p>\n","protected":false},"author":1,"featured_media":0,"parent":0,"menu_order":0,"comment_status":"closed","ping_status":"open","template":"","meta":{"site-sidebar-layout":"default","site-content-layout":"","ast-site-content-layout":"default","site-content-style":"default","site-sidebar-style":"default","ast-global-header-display":"","ast-banner-title-visibility":"","ast-main-header-display":"","ast-hfb-above-header-display":"","ast-hfb-below-header-display":"","ast-hfb-mobile-header-display":"","site-post-title":"","ast-breadcrumbs-content":"","ast-featured-img":"","footer-sml-layout":"","ast-disable-related-posts":"","theme-transparent-header-meta":"","adv-header-id-meta":"","stick-header-meta":"","header-above-stick-meta":"","header-main-stick-meta":"","header-below-stick-meta":"","astra-migrate-meta-layouts":"default","ast-page-background-enabled":"default","ast-page-background-meta":{"desktop":{"background-color":"","background-image":"","background-repeat":"repeat","background-position":"center center","background-size":"auto","background-attachment":"scroll","background-type":"","background-media":"","overlay-type":"","overlay-color":"","overlay-opacity":"","overlay-gradient":""},"tablet":{"background-color":"","background-image":"","background-repeat":"repeat","background-position":"center center","background-size":"auto","background-attachment":"scroll","background-type":"","background-media":"","overlay-type":"","overlay-color":"","overlay-opacity":"","overlay-gradient":""},"mobile":{"background-color":"","background-image":"","background-repeat":"repeat","background-position":"center center","background-size":"auto","background-attachment":"scroll","background-type":"","background-media":"","overlay-type":"","overlay-color":"","overlay-opacity":"","overlay-gradient":""}},"ast-content-background-meta":{"desktop":{"background-color":"var(--ast-global-color-5)","background-image":"","background-repeat":"repeat","background-position":"center center","background-size":"auto","background-attachment":"scroll","background-type":"","background-media":"","overlay-type":"","overlay-color":"","overlay-opacity":"","overlay-gradient":""},"tablet":{"background-color":"var(--ast-global-color-5)","background-image":"","background-repeat":"repeat","background-position":"center center","background-size":"auto","background-attachment":"scroll","background-type":"","background-media":"","overlay-type":"","overlay-color":"","overlay-opacity":"","overlay-gradient":""},"mobile":{"background-color":"var(--ast-global-color-5)","background-image":"","background-repeat":"repeat","background-position":"center center","background-size":"auto","background-attachment":"scroll","background-type":"","background-media":"","overlay-type":"","overlay-color":"","overlay-opacity":"","overlay-gradient":""}},"footnotes":""},"class_list":["post-273","page","type-page","status-publish","hentry"],"_links":{"self":[{"href":"https:\/\/www.jkpg-motor.se\/index.php?rest_route=\/wp\/v2\/pages\/273","targetHints":{"allow":["GET"]}}],"collection":[{"href":"https:\/\/www.jkpg-motor.se\/index.php?rest_route=\/wp\/v2\/pages"}],"about":[{"href":"https:\/\/www.jkpg-motor.se\/index.php?rest_route=\/wp\/v2\/types\/page"}],"author":[{"embeddable":true,"href":"https:\/\/www.jkpg-motor.se\/index.php?rest_route=\/wp\/v2\/users\/1"}],"replies":[{"embeddable":true,"href":"https:\/\/www.jkpg-motor.se\/index.php?rest_route=%2Fwp%2Fv2%2Fcomments&post=273"}],"version-history":[{"count":4,"href":"https:\/\/www.jkpg-motor.se\/index.php?rest_route=\/wp\/v2\/pages\/273\/revisions"}],"predecessor-version":[{"id":492,"href":"https:\/\/www.jkpg-motor.se\/index.php?rest_route=\/wp\/v2\/pages\/273\/revisions\/492"}],"wp:attachment":[{"href":"https:\/\/www.jkpg-motor.se\/index.php?rest_route=%2Fwp%2Fv2%2Fmedia&parent=273"}],"curies":[{"name":"wp","href":"https:\/\/api.w.org\/{rel}","templated":true}]}}